{"id":400,"date":"2025-08-12T20:06:04","date_gmt":"2025-08-12T20:06:04","guid":{"rendered":"https:\/\/pirrellopsicologa.com\/?page_id=400"},"modified":"2026-02-19T17:06:37","modified_gmt":"2026-02-19T17:06:37","slug":"su-di-me","status":"publish","type":"page","link":"https:\/\/pirrellopsicologa.com\/?page_id=400","title":{"rendered":"SU DI ME"},"content":{"rendered":"\n<div class=\"wp-block-group\"><div class=\"wp-block-group__inner-container is-layout-constrained wp-block-group-is-layout-constrained\">\n<p class=\"has-medium-font-size\">Sono nata in Sicilia, tra il profumo del mare e il calore di relazioni semplici e autentiche.<br>L\u00ec ho imparato ad ascoltare davvero, ad accogliere senza giudizio e a sentire profondamente le persone.<\/p>\n\n\n\n<p class=\"has-medium-font-size\">Oggi vivo a Torino, una citt\u00e0 che amo per la sua cultura, l\u2019arte e quel ritmo riflessivo che lascia spazio ai pensieri.<br>Qui continuo a crescere, come persona e come professionista.<\/p>\n\n\n\n<p class=\"has-medium-font-size\">Sono una psicologa e il mio lavoro \u00e8 accompagnarti quando senti che qualcosa nella tua vita sta cambiando o ha bisogno di essere rivisto.<br>Che sia nella sfera personale o in quella professionale, so quanto ogni parte di noi sia connessa: il lavoro influisce sulla vita privata, la vita privata influenza il lavoro\u2026 e non possiamo separarle davvero.<\/p>\n\n\n\n<p class=\"has-medium-font-size\">Mi piace ispirarmi alla psicologia della Gestalt, che dice: <em>\u201cIl tutto \u00e8 pi\u00f9 della somma delle sue parti\u201d<\/em>.<br>Credo che sia cos\u00ec anche per le persone: ogni esperienza, anche quella che oggi ti sembra difficile, pu\u00f2 diventare parte di un disegno pi\u00f9 grande e armonico.<\/p>\n\n\n\n<p class=\"has-medium-font-size\">Se vuoi, possiamo camminare insieme per rimettere a posto i pezzi, dare un nuovo senso alle cose e ritrovare equilibrio.<br>Un passo alla volta, al tuo ritmo.<\/p>\n<\/div><\/div>\n","protected":false},"excerpt":{"rendered":"<p>Sono nata in Sicilia, tra il profumo del mare e il calore di relazioni semplici e autentiche.L\u00ec ho imparato ad ascoltare davvero, ad accogliere senza giudizio e a sentire profondamente &hellip; <\/p>\n","protected":false},"author":1,"featured_media":0,"parent":0,"menu_order":0,"comment_status":"closed","ping_status":"closed","template":"","meta":{"footnotes":""},"class_list":["post-400","page","type-page","status-publish","hentry","has-meta has-sticky-meta"],"_links":{"self":[{"href":"https:\/\/pirrellopsicologa.com\/index.php?rest_route=\/wp\/v2\/pages\/400","targetHints":{"allow":["GET"]}}],"collection":[{"href":"https:\/\/pirrellopsicologa.com\/index.php?rest_route=\/wp\/v2\/pages"}],"about":[{"href":"https:\/\/pirrellopsicologa.com\/index.php?rest_route=\/wp\/v2\/types\/page"}],"author":[{"embeddable":true,"href":"https:\/\/pirrellopsicologa.com\/index.php?rest_route=\/wp\/v2\/users\/1"}],"replies":[{"embeddable":true,"href":"https:\/\/pirrellopsicologa.com\/index.php?rest_route=%2Fwp%2Fv2%2Fcomments&post=400"}],"version-history":[{"count":5,"href":"https:\/\/pirrellopsicologa.com\/index.php?rest_route=\/wp\/v2\/pages\/400\/revisions"}],"predecessor-version":[{"id":463,"href":"https:\/\/pirrellopsicologa.com\/index.php?rest_route=\/wp\/v2\/pages\/400\/revisions\/463"}],"wp:attachment":[{"href":"https:\/\/pirrellopsicologa.com\/index.php?rest_route=%2Fwp%2Fv2%2Fmedia&parent=400"}],"curies":[{"name":"wp","href":"https:\/\/api.w.org\/{rel}","templated":true}]}}